c + 5*n, 2*n - 11 = -5*c + 3*n. Suppose 2 = 4*j + 2*q, 5*q - 3 = -c*j + 3*q. Let i(a) = -14*a**3 - a. Is i(j) composite?
True
Let l(s) = s**3 + 3*s**2 - 11*s + 7. Is l(6) a prime number?
False
Suppose 88 + 32 = 5*f. Suppose 3 - 28 = -5*q. Suppose q*b - f = 46. Is b prime?
False
Suppose 0*f + 4*f + 20 = 0. Let b be (0 + f)/(1/(-2)). Suppose 60 - b = 2*p. Is p composite?
True
Let t = -3 + 6. Suppose -4*x + 4*i + 155 = -29, -t = -i. Is x a prime number?
False
Is (-62712)/(-108) + 1*(-2)/(-6) a prime number?
False
Let m = 2494 + -1127. Is m a composite number?
False
Let g be 1/(-3) + (-7)/(-3). Suppose -g*k + 1 = -15. Suppose -23 = -z + k. Is z composite?
False
Suppose 3*t = 58 - 4. Suppose -2*r = r + t. Is (4/r)/((-8)/1524) a prime number?
True
Let z = 1452 - 865. Is z prime?
True
Suppose 0 = -14*y + 10*y + 1324. Is y composite?
False
Let x be -2 + (6 - (0 - -4)). Suppose 4*o - 5*r = 784, -4*o + r - 3*r + 756 = x. Is o a composite number?
False
Suppose -5 + 25 = 5*x. Let q = 7 + -4. Suppose -q*h + 8*h - 191 = 2*c, x*c + 123 = 3*h. Is h composite?
False
Suppose 0*w - 2*w + 734 = 0. Is w a prime number?
True
Is 312/10 - 1/5 prime?
True
Let a be 36/3*(-2)/4. Let f be 52/14 + a/(-21). Is 3/12 - (-55)/f composite?
True
Let f be (-95)/(-2) - 7/14. Suppose -f = s + 67. Let y = -75 - s. Is y composite?
True
Is 1 + (745*2)/5 a prime number?
False
Let z(f) = -3*f. Let r be z(-1). Let s = 241 + -102. Suppose -3*d + r*o + 99 = 0, -o + s = 4*d + 2*o. Is d a composite number?
True
Let w = 155 + -90. Let p = w - 44. Is p a composite number?
True
Let z(a) = -a + 4. Let r be z(2). Let v(t) = 1 - 2*t**2 + 2*t**2 + 6*t**r. Is v(4) prime?
True
Let l(u) = 5*u - 1 + 1 - 6 + 4*u. Is l(7) prime?
False
Let g = 4432 + -2211. Is g a composite number?
False
Let y(g) = 177*g**2 + g + 1. Is y(1) a prime number?
True
Let h = -485 - -816. Is h prime?
True
Suppose -3*l = 2*l - 120. Let y = 70 + l. Suppose 0 = -p + 3*p - y. Is p prime?
True
Let a(g) = 7 + g + 3 + g**2 + 10*g. Let r be a(-9). Is 4/r - (-43)/2 a prime number?
False
Suppose b + 4*c - 511 = 0, -2*c - 1585 = -3*b - c. Is b a composite number?
True
Suppose k = -3*u + 3, 8 = 5*k - 2*u - 7. Suppose k*d - 2*d = 35. Is d prime?
False
Let d(a) be the third derivative of -a**6/60 - a**5/20 + a**4/6 + 7*a**3/6 - 2*a**2. Is d(-6) a prime number?
True
Let u be (-2 - 0) + 14/2. Suppose -4*w = -3*w + u. Is -4*w*1 - -1 a composite number?
True
Let d be (-6)/(-15) + (-13)/(-5). Suppose -d*f - 96 = -3*p - 2*f, 0 = -2*f - 6. Is p prime?
True
Let p(o) = 61*o**2 + 2*o - 1. Let v be p(2). Let x = -36 + v. Is x composite?
False
Let p be ((-25)/5)/((-2)/78). Is (10/(-6) + 2)*p prime?
False
Let n(c) = c**3 - 2*c**2 + c. Let p be n(2). Suppose -5*x + 3*q = -1064, -4*x + 839 = -p*q - 11. Is x composite?
False
Suppose 5*n - 5 = -j, -n + 1 = -0*j + j. Suppose j = -2*w - 0*w + 6. Is w prime?
True
Let u = 136 - 67. Suppose 3*k = u + 9. Is k composite?
True
Suppose -3*v - 15 = -3*q, 2*v - 2*q = -6*q - 40. Is (-5)/(v/(-4) + -3) a prime number?
False
Let g = -648 - -1091. Is g a prime number?
True
Suppose -285 = -5*m - 70. Is m prime?
True
Suppose -2*k - 1 - 1 = 0. Is (-2)/k*134/4 a composite number?
False
Suppose -3*s + 2*m = -1047 + 217, 4*m - 806 = -3*s. Suppose 3*o - s = -748. Let c = 273 + o. Is c a prime number?
False
Suppose 2*t - 6 = 5*g, -3*g + 2 + 2 = -5*t. Is t/(-5) + (-4052)/(-20) composite?
True
Suppose q - 1258 = -5*t + 2*q, t - 2*q - 257 = 0. Is t prime?
True
Let f be (-5)/((-10)/(-4)) + 43. Suppose -2*b - 23 = -3. Let l = b + f. Is l composite?
False
Suppose -3120 = -3*v + 3507. Suppose 5*a = v - 754. Is a a composite number?
True
Let v(p) = p**2 + 10*p + 4. Let g be v(-10). Suppose 3*o - 933 = 3*r, g*o - 1239 = 7*r - 4*r. Suppose -o = -5*s + 79. Is s prime?
False
Let q(v) = v**3 + 5. Let g be q(0). Let o(w) = 8*w - 1. Is o(g) prime?
False
Let o be 4*10*-2*-3. Suppose o = 5*t - 0*t. Suppose 4*s - 4*i = t, 2*s - 43 = -2*s + 3*i. Is s composite?
False
Let h(j) = j**3 - j. Let y be h(1). Is y/(-1 - 1) - -211 a composite number?
False
Let n = -284 + 589. Let v = n + -587. Is (v/9)/((-2)/3) a prime number?
True
Let v(m) = -m**2 + 4*m + 3. Let f be v(4). Suppose -3*n - f*q + 291 = 0, 0 = -2*n - 2*q + q + 191. Suppose -351 = -5*b + n. Is b a composite number?
False
Suppose 11*b - 12845 + 580 = 0. Is b prime?
False
Suppose -2*h = 4*z - 18, z + 9 = 4*z. Suppose 4*g = 12, 0 = -3*o + o - h*g + 391. Is o a prime number?
True
Let f(d) = -d**3 + 6*d**2 - 3*d + 2. Let o be f(5). Suppose y + o = 4*y. Suppose y*l = l + 861. Is l composite?
True
Let v(p) = -10*p - 1. Let c(m) = m + 8. Let d be c(-10). Is v(d) a composite number?
False
Let l(h) = 5*h**2 - 10*h + 4. Is l(-9) a composite number?
False
Let z(s) = -308*s - 1. Let j be z(-1). Let k = -180 + j. Is k a prime number?
True
Suppose 2*w - 1492 = -q, 4*w - 2986 = -3*q - 0*q. Is w a prime number?
False
Let r = 0 - 1. Let w = 1 + r. Suppose 2*u - 546 + 116 = w. Is u a prime number?
False
Let g(y) = -y**3 - 16*y**2 - 16*y - 13. Let j be g(-15). Suppose 4*l = -16, -q - j*l - 175 + 822 = 0. Is q a prime number?
False
Let g be (-24)/(-14) - 2/(-7). Suppose 0 = 2*d + 10, g*d + 8 = x + 4*d. Suppose w = 3*j - 6*j + 18, 0 = -3*j + w + x. Is j a composite number?
True
Let y = -443 - -924. Is y composite?
True
Suppose 0*x + 291 = 3*x. Is x a composite number?
False
Let n(u) = -2 + 5*u**2 - 4*u**2 - 11 + u. Is n(9) a composite number?
True
Suppose 0 = z - 6*z - 15, -p + 3*z = -17. Let m(w) = 1 + 2 + 22*w - p*w. Is m(4) a prime number?
True
Is 990/8 + 3/(-4) a prime number?
False
Let b(j) = j**2 + j + 2. Let a be b(-5). Suppose 4*d + 4*w + 44 = 0, 3*d = -d - 2*w - 38. Let f = d + a. Is f prime?
False
Let s be 59 + (-2 - (1 + -1)). Suppose -s = -w - 5*n, 2*w + n - 66 - 12 = 0. Let q = w + 2. Is q a prime number?
False
Is ((-3)/(-2))/((-1)/(-6)) composite?
True
Is 2415/10*2/3 composite?
True
Is -3 - ((-3)/3 + -185) composite?
True
Suppose g + 3*g = 2*n + 744, 4*n = -3*g + 569. Suppose -2*q - 3*q - 4*i + 341 = 0, -2*i - g = -3*q. Is q a prime number?
False
Let f = 24 + 10. Is f a prime number?
False
Suppose 5*d - 780 = -5*w, -2*d - 174 = -w + 3*d. Is w a prime number?
False
Is ((-234)/9 + 0)*53/(-2) composite?
True
Suppose d = -0*d + 2*v, -5*v = -4*d. Suppose -2*c = -d*c - 8. Is c composite?
True
Suppose 2*l - 3*f - 4 = 0, 2*f + 1 = l - 0*l. Suppose 0 = l*t - 2*r - 1213, 4*t - 4*r - 620 - 348 = 0. Let u = -174 + t. Is u a prime number?
False
Let c = -6 + 5. Is 90 - (0 + 2 - c) composite?
True
Let t = -8 - -15. Let u(i) = 3*i + 0*i - 2*i + 2. Is u(t) prime?
False
Let o = 2 + 1. Let b be 5 + 0/(o + -1). Suppose -n = -b*f - 0*n + 393, 4*f - 318 = -n. Is f composite?
False
Suppose -4*g + 3*l + 2770 = -5017, 4*l = -4*g + 7808. Is g a prime number?
True
Let q = 9 - 4. Let z = q + -2. Suppose 54 + 57 = z*t. Is t prime?
True
Let i(t) = 453*t + 1. Suppose 0*s = s + 5*c + 3, -s = -2*c - 4. Is i(s) composite?
False
Let n = -60 + 239. Is n prime?
True
Suppose 0 = -g + 390 - 44. Let o = -125 + g. Is o prime?
False
Suppose -x = -q + 2 - 1, -2*q + 6 = 0. Let p be (-2)/(-1*x)*1. Is p - ((2 - 1) + -4) a composite number?
True
Let r = -8 - -11. Suppose r*i = 225 + 453. Is i prime?
False
Let z be -22*4/((-4)/5). Suppose -z - 212 = -2*k. Is k composite?
True
Is (-13814)/(-12) + 12/(-72) prime?
True
Let x(q) = q**2 - 7*q + 17. Is x(-13) a composite number?
False
Let n(b) = -b + 4. Let u be n(4). Let q be u - (0 - 1)*5. Suppose 0 = q*a + 25, -2*c + 139 = -a - 4*a. Is c a prime number?
False
Let i be (-9)/((-2)/2) - 3. Let q = -5 + i. Is 22 + 2 + (-1)/q a composite number?
False
Let x(m) = 409*m**2 + m. Let n be x(1). Suppose -5*d + n = -5. Suppose 2*c - 47 - d = 0. Is c composite?
True
Let l be ((-6)/(-9))/(-1)*-15. Suppose -5*q + 60 + l = 0. Suppose 2*g - q = 48. Is g composite?
False
Let h = 11 + -15. Let a(d) = -3*d**2 + d + 2. Let u(o) = -3*o**2 + o + 3. Let l(r) = -6*a(r) + 5*u(r). Is l(h) a prime number?
False
Let j = 61 - -286. Is j a prime number?
True
Is (0 + -13)/((-1)/7) composite?
True
Let p(c) be the third derivative of -c**6/120 - c**5/60 - c**3/6 + 3*c**2. Let o be p(-2). Is (o - 8)/(3/(-21)) a prime number?
False
Let g(x) = -x**3 - 8*x**2 - 18*x - 22. Is g(-21) composite?
False
Suppose -5*d + 155 = -230. Is d a co